or of 2268 and 6254892.
252
Calculate the greatest common factor of 455680 and 158420.
1780
What is the greatest common factor of 55754294 and 14588?
1042
Calculate the highest common divisor of 3752954 and 2193.
731
Calculate the greatest common divisor of 39256 and 331573.
701
Calculate the greatest common factor of 96 and 33997620.
12
Calculate the highest common factor of 7819038 and 3393.
261
What is the highest common divisor of 57286631 and 942?
157
Calculate the greatest common divisor of 32406 and 44517.
33
What is the highest common factor of 229 and 999105016?
229
What is the greatest common divisor of 14368193 and 1415?
283
What is the highest common divisor of 10167 and 843?
3
Calculate the highest common factor of 70933251 and 114.
57
Calculate the highest common divisor of 928 and 677264.
16
Calculate the greatest common divisor of 2140392 and 354.
6
Calculate the greatest common factor of 39396450 and 300.
150
What is the greatest common factor of 13528 and 47176?
8
Calculate the greatest common factor of 1798838209 and 217.
217
Calculate the greatest common divisor of 166 and 6327173.
83
What is the greatest common divisor of 10 and 1643097670?
10
Calculate the highest common factor of 78 and 115915098.
78
What is the greatest common factor of 25271 and 10028489?
683
Calculate the greatest common factor of 1564 and 6595020.
92
Calculate the highest common divisor of 27004076 and 820.
164
What is the highest common factor of 7874780 and 5?
5
Calculate the greatest common divisor of 370 and 359747855.
185
Calculate the highest common divisor of 44174 and 11474.
2
What is the greatest common divisor of 9776776 and 8?
8
Calculate the highest common divisor of 782 and 938621.
17
Calculate the greatest common factor of 11053088 and 2848.
2848
What is the highest common factor of 20 and 93435340?
20
Calculate the greatest common divisor of 6049 and 26700493.
23
What is the highest common divisor of 7238 and 143858?
22
What is the highest common divisor of 20512 and 512?
32
Calculate the highest common divisor of 13 and 553002736.
13
Calculate the greatest common divisor of 470 and 51117670.
470
Calculate the greatest common factor of 268674 and 84945.
21
Calculate the greatest common factor of 43884054 and 1962.
1962
Calculate the highest common divisor of 37 and 44203123.
37
What is the highest common divisor of 5814 and 4659156?
306
Calculate the greatest common factor of 5650 and 1905650.
50
What is the highest common factor of 841984 and 34684?
1196
What is the greatest common factor of 35050365 and 45?
45
What is the highest common factor of 2076354 and 1008?
126
What is the greatest common factor of 111120 and 149840?
80
Calculate the highest common factor of 4763771 and 15598.
709
Calculate the greatest common factor of 115 and 1833836.
23
Calculate the greatest common divisor of 493 and 2390615.
29
Calculate the greatest common factor of 1655 and 39205.
5
Calculate the highest common factor of 6987 and 1227931.
137
Calculate the greatest common divisor of 463482 and 10391152.
5722
What is the greatest common factor of 6441018 and 204?
6
What is the highest common divisor of 10872780 and 660?
60
What is the greatest common divisor of 73762612 and 924?
308
Calculate the highest common divisor of 92954002 and 32246.
1402
Calculate the greatest common divisor of 1705935 and 115395.
735
Calculate the highest common divisor of 3956635 and 1164820.
695
Calculate the greatest common divisor of 57390768 and 128.
16
What is the greatest common factor of 69 and 5038311?
69
Calculate the highest common divisor of 101654049 and 2694.
1347
Calculate the highest common divisor of 12749349 and 555.
111
Calculate the greatest common factor of 240463 and 48403.
97
What is the highest common divisor of 456 and 21834534?
114
Calculate the greatest common divisor of 105 and 22755.
15
What is the greatest common divisor of 531 and 1070909?
59
Calculate the greatest common divisor of 2034 and 4715829.
1017
Calculate the greatest common divisor of 56 and 85236424.
56
What is the highest common factor of 13769716 and 310911?
2801
What is the highest common factor of 469 and 248934?
7
Calculate the highest common divisor of 5262 and 2294742414.
5262
What is the greatest common factor of 1162476 and 196?
196
Calculate the highest common factor of 84 and 1436422722.
42
What is the greatest common factor of 118144 and 14528020?
3692
What is the highest common factor of 68740311 and 1164?
291
What is the highest common divisor of 201799415 and 10?
5
Calculate the highest common factor of 374 and 109909316.
22
What is the greatest common divisor of 452835 and 2144985?
435
Calculate the greatest common factor of 2730227200 and 340.
340
Calculate the highest common factor of 3108428 and 28.
4
What is the highest common divisor of 23 and 93284642?
23
What is the greatest common divisor of 112 and 33768496?
16
Calculate the highest common factor of 19310096 and 204.
68
Calculate the greatest common divisor of 820 and 68448475.
205
What is the highest common divisor of 127818757 and 703?
703
Calculate the highest common divisor of 279199632 and 74.
74
What is the greatest common divisor of 3616 and 8898072?
904
Calculate the highest common divisor of 144939628 and 3.
1
What is the greatest common factor of 639 and 27749853?
639
Calculate the greatest common factor of 6692 and 138824.
28
What is the highest common factor of 52361888 and 43506?
4834
Calculate the greatest common divisor of 10391076 and 2232.
1116
Calculate the greatest common divisor of 307644100 and 16144.
4036
Calculate the highest common divisor of 3797469 and 1519.
31
What is the highest common divisor of 24268212 and 12?
12
Calculate the greatest common factor of 61 and 1342184098.
61
What is the greatest common factor of 124430 and 19600430?
5410
Calculate the highest common factor of 7964 and 31812.
44
What is the highest common factor of 64211136 and 4800?
192
What is the greatest common factor of 3497 and 440323?
13
What is the highest common factor of 219867 and 75?
3
Calculate the greatest common factor of 12 and 646815282.
6
Calculate the highest common divisor of 233502171 and 609.
609
Calculate the greatest common factor of 2924 and 315452.
68
Calculate the greatest common factor of 3088904 and 21112.
728
Calculate the greatest common divisor of 31360 and 123030.
10
Calculate the greatest common factor of 674 and 36603929.
337
Calculate the greatest common factor of 11270274 and 21682.
74
Calculate the highest common factor of 16025 and 3925.
25
What is the highest common factor of 7774264 and 824?
8
What is the highest common divisor of 6480 and 3407508?
324
Calculate the greatest common divisor of 7690 and 15937525.
3845
What is the highest common factor of 257120 and 1796?
4
Calculate the highest common factor of 8544536 and 225816.
776
What is the greatest common divisor of 251894298 and 10212?
5106
What is the greatest common divisor of 1832 and 3010892?
916
What is the highest common divisor of 6870369 and 1342?
671
Calculate the greatest common divisor of 186620 and 190533.
301
What is the highest common divisor of 561 and 22497849?
33
What is the greatest common divisor of 58051 and 56939738?
8293
Calculate the highest common divisor of 36822255 and 2635.
85
What is the greatest common divisor of 11458 and 56678?
34
Calculate the greatest common factor of 73414 and 182754.
1562
What is the highest common divisor of 867 and 59101078?
289
What is the greatest common divisor of 33648 and 199572?
12
What is the greatest common divisor of 266250 and 7893750?
3750
What is the greatest common divisor of 4043 and 1393054?
13
Calculate the highest common factor of 8432 and 1916203.
31
Calculate the greatest common factor of 2625082 and 766.
766
What is the greatest common divisor of 5584 and 100502228?
1396
Calculate the highest common divisor of 1254103 and 7587.
281
What is the highest common divisor of 1043008 and 344000?
2752
Calculate the greatest common factor of 2433588 and 96.
12
Calculate the highest common factor of 68 and 349952.
4
What is the greatest common divisor of 698 and 29308671?
349
Calculate the greatest common divisor of 356208034 and 182.
182
Calculate the